{"id":253,"date":"2024-07-16T00:19:21","date_gmt":"2024-07-16T00:19:21","guid":{"rendered":"https:\/\/patriciamassoterapeuta.com.br\/?page_id=253"},"modified":"2025-02-16T00:50:36","modified_gmt":"2025-02-16T00:50:36","slug":"massagem-para-idosos","status":"publish","type":"page","link":"https:\/\/patriciamassoterapeuta.com.br\/index.php\/massagem-para-idosos\/","title":{"rendered":"Tratamento para idosos"},"content":{"rendered":"\n<p>Promover o relaxamento, bem estar, melhora do sono e reduz o desconforto f\u00edsico. Com o decorrer dos anos \u00e9 inevit\u00e1vel que nossa flexibilidade diminua, a mobilidade fique mais comprometida, o cansa\u00e7o f\u00edsico e o des\u00e2nimo, acabam fazendo parte do dia a dia. Mas a t\u00e9cnica que utilizo devolve fun\u00e7\u00f5es aos m\u00fasculos, alivia dores e melhora a qualidade de vida, al\u00e9m de tamb\u00e9m liberar os horm\u00f4nios do bem estar ( seratonina, dopamina, melanina e endorfina).<\/p>\n","protected":false},"excerpt":{"rendered":"<p>Promover o relaxamento, bem estar, melhora do sono e reduz o desconforto f\u00edsico. Com o decorrer dos anos \u00e9 inevit\u00e1vel que nossa flexibilidade diminua, a mobilidade fique mais comprometida, o cansa\u00e7o f\u00edsico e o des\u00e2nimo, acabam fazendo parte do dia a dia. Mas a t\u00e9cnica que utilizo devolve fun\u00e7\u00f5es aos m\u00fasculos, alivia dores e melhora [&hellip;]<\/p>\n","protected":false},"author":2,"featured_media":0,"parent":0,"menu_order":0,"comment_status":"closed","ping_status":"closed","template":"","meta":{"_joinchat":[],"footnotes":""},"class_list":["post-253","page","type-page","status-publish","hentry"],"_links":{"self":[{"href":"https:\/\/patriciamassoterapeuta.com.br\/index.php\/wp-json\/wp\/v2\/pages\/253","targetHints":{"allow":["GET"]}}],"collection":[{"href":"https:\/\/patriciamassoterapeuta.com.br\/index.php\/wp-json\/wp\/v2\/pages"}],"about":[{"href":"https:\/\/patriciamassoterapeuta.com.br\/index.php\/wp-json\/wp\/v2\/types\/page"}],"author":[{"embeddable":true,"href":"https:\/\/patriciamassoterapeuta.com.br\/index.php\/wp-json\/wp\/v2\/users\/2"}],"replies":[{"embeddable":true,"href":"https:\/\/patriciamassoterapeuta.com.br\/index.php\/wp-json\/wp\/v2\/comments?post=253"}],"version-history":[{"count":3,"href":"https:\/\/patriciamassoterapeuta.com.br\/index.php\/wp-json\/wp\/v2\/pages\/253\/revisions"}],"predecessor-version":[{"id":268,"href":"https:\/\/patriciamassoterapeuta.com.br\/index.php\/wp-json\/wp\/v2\/pages\/253\/revisions\/268"}],"wp:attachment":[{"href":"https:\/\/patriciamassoterapeuta.com.br\/index.php\/wp-json\/wp\/v2\/media?parent=253"}],"curies":[{"name":"wp","href":"https:\/\/api.w.org\/{rel}","templated":true}]}}